lculate the remainder when 346874 is divided by 49550.
24
Calculate the remainder when 1468294 is divided by 49.
9
What is the remainder when 1226874 is divided by 291?
18
What is the remainder when 3392734 is divided by 135?
49
What is the remainder when 49535033 is divided by 854052?
17
Calculate the remainder when 23561444 is divided by 1972.
1960
Calculate the remainder when 428119 is divided by 1107.
817
Calculate the remainder when 12394315 is divided by 30230.
15
Calculate the remainder when 1514377 is divided by 3078.
1
What is the remainder when 33770 is divided by 121?
11
Calculate the remainder when 93573242 is divided by 673.
668
Calculate the remainder when 181490 is divided by 800.
690
What is the remainder when 47949508 is divided by 226?
218
What is the remainder when 33726526 is divided by 2143?
2135
What is the remainder when 284516 is divided by 5235?
1826
Calculate the remainder when 16689 is divided by 15736.
953
Calculate the remainder when 8535 is divided by 8456.
79
What is the remainder when 523234 is divided by 523104?
130
What is the remainder when 6732801 is divided by 134656?
1
What is the remainder when 18840347 is divided by 856377?
53
Calculate the remainder when 479470 is divided by 159025.
2395
Calculate the remainder when 3213555 is divided by 1485.
15
Calculate the remainder when 7512221 is divided by 5752.
109
Calculate the remainder when 2201772 is divided by 152.
52
What is the remainder when 7838166 is divided by 402?
372
What is the remainder when 275095 is divided by 5014?
4339
What is the remainder when 410870 is divided by 440?
350
Calculate the remainder when 28178 is divided by 1325.
353
What is the remainder when 69589609 is divided by 592?
9
Calculate the remainder when 58734 is divided by 126.
18
Calculate the remainder when 4047496 is divided by 7.
5
What is the remainder when 9920672 is divided by 1136?
1120
Calculate the remainder when 5308187 is divided by 9.
5
Calculate the remainder when 1889962 is divided by 47.
45
Calculate the remainder when 10422010 is divided by 400.
10
What is the remainder when 13779425 is divided by 582?
575
What is the remainder when 851854 is divided by 17036?
54
Calculate the remainder when 56011 is divided by 200.
11
What is the remainder when 6375 is divided by 1452?
567
What is the remainder when 2822338 is divided by 151?
148
Calculate the remainder when 53955 is divided by 15562.
7269
What is the remainder when 154670 is divided by 487?
291
Calculate the remainder when 65357919 is divided by 289.
280
What is the remainder when 26517 is divided by 3013?
2413
Calculate the remainder when 484903 is divided by 5703.
148
Calculate the remainder when 99496225 is divided by 87.
67
Calculate the remainder when 11077 is divided by 704.
517
What is the remainder when 1439916 is divided by 79995?
6
Calculate the remainder when 12173 is divided by 265.
248
What is the remainder when 264481 is divided by 103?
80
What is the remainder when 2646860439 is divided by 70?
69
What is the remainder when 1368709 is divided by 101?
58
What is the remainder when 3683816 is divided by 1654?
358
Calculate the remainder when 4352176 is divided by 2732.
100
Calculate the remainder when 3084 is divided by 599.
89
Calculate the remainder when 78085 is divided by 10763.
2744
Calculate the remainder when 95738128 is divided by 157.
156
What is the remainder when 119835 is divided by 4?
3
What is the remainder when 50759 is divided by 193?
0
Calculate the remainder when 49611 is divided by 1001.
562
Calculate the remainder when 4742488 is divided by 2371111.
266
What is the remainder when 3227408 is divided by 14470?
598
Calculate the remainder when 276052 is divided by 1714.
98
What is the remainder when 42612 is divided by 12322?
5646
Calculate the remainder when 78661416 is divided by 14186.
46
What is the remainder when 81487208 is divided by 1116263?
9
Calculate the remainder when 9796687 is divided by 50760.
7
What is the remainder when 257107 is divided by 1058?
13
What is the remainder when 940789 is divided by 3082?
779
What is the remainder when 3385884 is divided by 966?
54
What is the remainder when 9638194 is divided by 39?
7
Calculate the remainder when 617929 is divided by 231.
4
Calculate the remainder when 20984851 is divided by 89.
75
Calculate the remainder when 7630582 is divided by 868.
862
What is the remainder when 2574784 is divided by 1287372?
40
Calculate the remainder when 618119 is divided by 505.
504
What is the remainder when 7177742 is divided by 9346?
14
What is the remainder when 24689 is divided by 304?
65
What is the remainder when 1407304 is divided by 201041?
17
Calculate the remainder when 32861091 is divided by 3261.
3255
What is the remainder when 7836585 is divided by 2820?
2625
Calculate the remainder when 3956134 is divided by 8.
6
What is the remainder when 11545 is divided by 3096?
2257
Calculate the remainder when 2828423 is divided by 942634.
521
Calculate the remainder when 518110 is divided by 1222.
1204
Calculate the remainder when 1363204029 is divided by 6584.
6581
Calculate the remainder when 77311 is divided by 3013.
1986
What is the remainder when 879853 is divided by 211?
194
What is the remainder when 192996 is divided by 4595?
6
What is the remainder when 17228059 is divided by 248?
243
What is the remainder when 6454675 is divided by 1290934?
5
Calculate the remainder when 15482780 is divided by 1233.
1232
What is the remainder when 120912 is divided by 57241?
6430
What is the remainder when 15719426 is divided by 729?
728
Calculate the remainder when 2904828 is divided by 357.
276
Calculate the remainder when 220528 is divided by 2074.
684
What is the remainder when 35389694 is divided by 25?
19
Calculate the remainder when 5179513 is divided by 2191.
2180
What is the remainder when 16423793 is divided by 14369?
26
Calculate the remainder when 55014 is divided by 5221.
2804
Calculate the remainder when 77164 is divided by 18746.
2180
What is the remainder when 3570314 is divided by 754?
124
What is the remainder when 787842 is divided by 98460?
162
What is the remainder when 44488653 is divided by 1693?
1692
Calculate the remainder when 19598414 is divided by 326.
272
What is the remainder when 1723288 is divided by 11?
6
Calculate the remainder when 63108902 is divided by 16.
6
What is the remainder when 9008350 is divided by 826?
820
Calculate the remainder when 1186237 is divided by 1186204.
33
What is the remainder when 508397 is divided by 741?
71
What is the remainder when 985000 is divided by 3199?
2907
What is the remainder when 85682 is divided by 10398?
2498
Calculate the remainder when 1637127 is divided by 10232.
7
Calculate the remainder when 25295358 is divided by 85.
38
Calculate the remainder when 35250373 is divided by 192.
133
What is the remainder when 104017228 is divided by 1130622?
4
What is the remainder when 492105756 is divided by 1349?
1348
What is the remainder when 495549 is divided by 1751?
16
What is the remainder when 1839075 is divided by 91901?
1055
Calculate the remainder when 84994761 is divided by 263.
262
What is the remainder when 4355370 is divided by 4355365?
5
Calculate the remainder when 320494 is divided by 5168.
78
Calculate the remainder when 229208 is divided by 584.
280
Calculate the remainder when 73797 is divided by 831.
669
Calculate the remainder when 178086 is divided by 29674.
42
Calculate the remainder when 44653748 is divided by 44.
40
Calculate the remainder when 954083 is divided by 2325.
833
What is the remainder when 136178 is divided by 94?
66
What is the remainder when 384121078 is divided by 284?
2
What is the remainder when 648897 is divided by 14634?
5001
Calculate the remainder when 313700102 is divided by 4038.
4034
What is the remainder when 3281518 is divided by 968?
966
Calculate the remainder when 379267 is divided by 189607.
53
What is the remainder when 4385176 is divided by 30?
16
What is the remainder when 685089 is divided by 48934?
13
What is the remainder when 2097294 is divided by 15539?
15068
What is the remainder when 2181609 is divided by 1782?
441
Calculate the remainder when 10965356 is divided by 108.
8
Calculate the remainder when 3393435 is